Calculate the remainder when w(-6) is divided by t.
12
Let j = 24 - 59. Let z = 11 - 4. Calculate the remainder when 15/j - 286/(-14) is divided by z.
6
Let g(s) = 2 - 6 + 2*s**2 + 4*s - 4 - s**2. Let l = -18 + 10. Calculate the remainder when g(l) is divided by 13.
11
Let k(t) = 20*t + 57*t**2 - 29 - 21*t**2 - 17*t**2 - 20*t**2. What is the remainder when k(17) is divided by 12?
10
What is the remainder when (-33)/132 + 1 + (-819)/(-12) is divided by 4?
1
Suppose 20*j = 159 + 321. What is the remainder when 103 is divided by j?
7
Let r(n) be the third derivative of -n**4/12 - 3*n**2. Let z be r(-3). Suppose 5*o - z = 14. Calculate the remainder when 5 is divided by o.
1
Let p(g) be the first derivative of -4*g**2 + 7*g - 6. Calculate the remainder when 154 is divided by p(-4).
37
Let m = -16 + 20. Suppose m*r - 7*r = -9. Calculate the remainder when (-10)/(-3)*(-6)/(-2) is divided by r.
1
Suppose 0*l + 198 = y - l, 2*l - 186 = -y. What is the remainder when y is divided by 28?
26
Let p = 195 - 176. What is the remainder when 36 is divided by p?
17
Let o = 1018 - 852. Calculate the remainder when o is divided by 19.
14
Let a(s) = -5*s**3 - 9*s**2 + 4*s - 12. Let y(z) = 4*z**3 + 9*z**2 - 3*z + 11. Let d(v) = 5*a(v) + 6*y(v). What is the remainder when d(4) is divided by 19?
18
Let s(q) = -57*q - 206. What is the remainder when s(-8) is divided by 23?
20
Suppose 0*k = -5*t - 2*k + 552, -4*t + 3*k = -460. Let y be 6/(-27) + ((-8384)/36)/(-4). Let a = t - y. Calculate the remainder when a is divided by 28.
26
Suppose 7*b - 28 = 84. What is the remainder when b is divided by 15?
1
Suppose -m - m = j - 17, -5*m + 32 = j. Let h = -13 - -18. Suppose -5*g + h*y = -105, -2*g - 3*g + 101 = -y. Calculate the remainder when g is divided by j.
6
Let m(b) = 19 - b + 16 + 5. Let a be m(14). Let g = a - 10. What is the remainder when 78 is divided by g?
14
Suppose 0 = 64*x - 61*x - 627. What is the remainder when x is divided by 30?
29
Suppose 61*i - 17*i - 176 = 0. What is the remainder when 247 is divided by i?
3
Let j = -15 - -21. Let t be j/12 - 3/2. Calculate the remainder when 30 is divided by (1 - -12) + t + 4.
14
Suppose -l - 53 = -47. Suppose -1 = 4*b - 17. Calculate the remainder when b/l + (-861)/(-9) is divided by 24.
23
Suppose 2484 = -3*d + 30*d. Calculate the remainder when d is divided by 8.
4
Suppose -2*y = -272 - 162. What is the remainder when y is divided by 17?
13
Suppose -6 = o + 5*b, 6 + 44 = 3*o - 2*b. Let d = -13 + 4. Let z(v) = -v**2 - 12*v + 14. What is the remainder when z(d) is divided by o?
13
Let n be (-11)/(-33)*(-36)/(-2). Let p = 9 - n. Suppose -36 = -0*a - p*a. Calculate the remainder when 22 is divided by a.
10
Let s(p) = 2*p**2 + p. Suppose 2*k + 2 = 2*c, 3*c + 3*k = 2*k + 7. What is the remainder when 22 is divided by s(c)?
2
Let q(a) = -7*a - 5. Let k(c) = -4*c - 3. Let z(u) = 11*k(u) - 6*q(u). What is the remainder when 52 is divided by z(-7)?
8
Let y(n) = -n**2 + 37*n - 25. Suppose -5*p = -p - 48. What is the remainder when y(35) is divided by p?
9
Let o(s) = s**2 + 3*s + 4. Let w = 3 - 6. Calculate the remainder when 10 is divided by o(w).
2
Suppose 0 = 5*s + 39*s - 1056. What is the remainder when 162 is divided by s?
18
Let r(n) = -n**2 + 3*n + 6. Let p be r(5). Let a = p + 14. Suppose -5*v = -a*v + 20. What is the remainder when 15 is divided by v?
3
Let k(i) = 2*i + 15. Let g be k(-6). Let n(z) = 36*z - 1. What is the remainder when n(g) is divided by 22?
19
Suppose -2 = -4*w - 6, -2*m = 2*w - 50. Suppose 5 = 2*o - o - 3*d, -4*d - 44 = -4*o. Calculate the remainder when m is divided by o.
12
Suppose 4*y = 9*y. Suppose 2*r + 2*r + 5*k - 59 = y, 5*r + 2*k = 61. Calculate the remainder when 42 is divided by r.
9
Suppose -5 = -2*p + p, -4*p = -v - 15. Suppose w + 2*c - 3*c - 9 = 0, 0 = -v*w + 3*c + 47. Calculate the remainder when 38 is divided by w.
8
Let h = -12 + 16. Suppose 115 - 503 = -h*k. Suppose -9 = 3*m, -2*d - m + k = -0*d. What is the remainder when d is divided by 13?
11
Let q = 39 - 39. Suppose -2*r + 41 = -5*s, -4*r = -q*s + 3*s - 69. What is the remainder when r is divided by 11?
7
Suppose 3*l + 102 = 5*l. Calculate the remainder when 126 is divided by l.
24
Let l(a) = 18*a + 1. Let t = -95 - -94. What is the remainder when ((-1)/2)/(t/144) is divided by l(1)?
15
Suppose 20*p = 2*p + 2178. Calculate the remainder when 844 is divided by p.
118
Let u(n) = 42*n + 10. Let m be u(3). Let g = m + -133. Suppose -h = -9 - 0. Calculate the remainder when h is divided by g.
0
What is the remainder when 189*((-8)/20 - (-80)/75) is divided by 5?
1
Suppose 4*w + 2*q - 141 = 43, -5*w = -4*q - 204. What is the remainder when 40/(-3780)*-21 + (-1526)/(-18) is divided by w?
41
Suppose -270 = 5*g - 5*l, -3*g - 3*l + 280 = -8*g. Let q = g - -105. Suppose -2*f - 2*f + 48 = 0. Calculate the remainder when q is divided by f.
10
Suppose -197 + 319 = 2*a - 5*y, 0 = 4*a + 4*y - 188. Calculate the remainder when 405 is divided by a.
48
Let w = -11 + 14. Let g be 4*w/6*1. Suppose -2*x = -g*b - 0*b - 18, -3*b = -x + 3. Calculate the remainder when 47 is divided by x.
11
Let m = 62 + -59. Suppose -3*r + m*z + 173 = 32, 170 = 4*r + 5*z. Calculate the remainder when 269 is divided by r.
44
Let i(n) = 3*n**2 - 5*n + 3. Suppose a + 2*l = 129, 8*a + 2*l = 13*a - 585. Calculate the remainder when a is divided by i(3).
14
Suppose 3*f - u = 140, 0 = 4*u + 5 + 15. Calculate the remainder when 75 is divided by f.
30
Let i = -29 - -56. Let m(q) = -10*q + 6. Let f be m(-1). Let x = i - f. What is the remainder when x is divided by 6?
5
Suppose 30*i - 39 = 17*i. Calculate the remainder when 233 is divided by i.
2
Let w = -1100 - -1145. Calculate the remainder when 219 is divided by w.
39
Suppose -3*n = -3*y + 72, 3*n = -n - y - 121. Let s = -25 - n. Calculate the remainder when 4 is divided by s.
0
Let c(v) = 6*v**2 - 3*v + 1. Suppose 168 = 4*g - 8*g. Let d = -31 - g. What is the remainder when c(2) is divided by d?
8
Let q = -58 - -89. Let o = 52 - q. What is the remainder when 41 is divided by o?
20
Let j = 219 + -152. Calculate the remainder when j is divided by 34.
33
Suppose 169 = -5*s + 2*t, -t = 5*s + 85 + 93. Let d = s + 47. Calculate the remainder when 70 is divided by d.
10
Calculate the remainder when (-4 + 2 - 72/(-30))*435 is divided by 22.
20
Let g = -64 - -70. Suppose 16 = s + g. Calculate the remainder when 12 is divided by s.
2
Suppose 20*b - 570 = -10*b. Let h(x) = 2*x - 5. Calculate the remainder when b is divided by h(6).
5
Suppose 80*w - 67*w - 507 = 0. Let g(b) = -b**3 - 4*b**2 - 6*b + 5. What is the remainder when g(-7) is divided by w?
38
Suppose 9*t - 110 = -t. Let x = 8 - 5. Calculate the remainder when t is divided by x.
2
Let h = -432 + 443. Calculate the remainder when 123 is divided by h.
2
Let i be -3*-3*4/3. Suppose 4 = c - i. What is the remainder when 46 is divided by c?
14
Suppose q - 5*g - 77 = 0, -435*q + 437*q - 2*g - 114 = 0. Let o = 18 - 9. Calculate the remainder when q is divided by o.
7
Suppose 74 = p - 34. What is the remainder when p is divided by 99?
9
Let v = 38 + -35. Let p(d) = 2*d**3 - 3*d**2 + 3. What is the remainder when p(v) is divided by 8?
6
Let j(z) = 2*z**3 - 3*z**2 + 5*z + 8. What is the remainder when j(8) is divided by 7?
5
Let j(f) = -f**2 + 20*f - 41. What is the remainder when 67 is divided by j(3)?
7
Let u = 164 + -146. What is the remainder when 71 is divided by u?
17
Suppose 46 = 2*u + 4*l - 0, 5*l - 105 = -5*u. Suppose 0 = 2*q - u - 3. What is the remainder when 27 is divided by q?
5
What is the remainder when 1052/5 + 94/(-235) is divided by 22?
12
Suppose 5*w - w = -5*m + 34, 0 = 5*m - 10. Suppose q - w = -q. Suppose 2*f - 38 = 5*a, 3*a + 15 + 24 = q*f. What is the remainder when 17 is divided by f?
8
Let a = 171 - 142. What is the remainder when 37 is divided by a?
8
Let s be 0 + 0 - (-10)/2. Suppose s*t = 2*t + 153. Calculate the remainder when t is divided by 4 + -5 - (15/(-1) + 1).
12
Suppose 3*i - z - 14 = 0, -2*i + 9*z - 12*z = -13. Calculate the remainder when 20 is divided by i.
0
What is the remainder when (-3363)/(-24) - (-9)/(-72) is divided by 24?
20
Suppose -16*g = -524 - 164. Calculate the remainder when g is divided by 6.
1
Suppose 7*x - 2418 = -19*x. What 